se 12) in base 11?
7398
2120133 (base 4) to base 14
37b1
Convert 5a06 (base 16) to base 10.
23046
What is -1233 (base 9) in base 12?
-649
What is 1121 (base 6) in base 11?
221
-3304 (base 5) to base 11
-383
-a09 (base 14) to base 8
-3661
Convert -14414 (base 6) to base 12.
-140a
-1013010 (base 4) to base 6
-33020
What is -143565 (base 7) in base 14?
-a16c
Convert 693 (base 12) to base 3.
1100010
What is 296 (base 12) in base 15?
1bc
What is 96c (base 16) in base 7?
10014
Convert -202a (base 13) to base 15.
-14a5
What is -10620 (base 7) in base 3?
-10201100
-6c (base 16) to base 7
-213
What is 1100001110100 (base 2) in base 16?
1874
12b1 (base 14) to base 3
11111220
What is 572 (base 13) in base 15?
428
What is -21200 (base 3) in base 14?
-10b
-24852 (base 10) to base 9
-37073
What is -3461 (base 9) in base 3?
-10112001
442 (base 5) to base 2
1111010
Convert -5c (base 13) to base 3.
-2212
Convert 11543 (base 8) to base 16.
1363
What is -2a0 (base 15) in base 3?
-211020
Convert 458 (base 16) to base 9.
1465
43022 (base 5) to base 11
2195
Convert 578 (base 9) to base 2.
111011100
-11311 (base 5) to base 4
-30333
495 (base 15) to base 5
13130
124533 (base 6) to base 11
8654
10222222 (base 3) to base 16
b63
24063 (base 7) to base 5
144334
-20320 (base 4) to base 7
-1441
What is 1010000 (base 2) in base 6?
212
What is -2ab (base 16) in base 10?
-683
What is -125 (base 14) in base 15?
-104
-978 (base 11) to base 16
-496
What is -1022 (base 8) in base 16?
-212
-4812 (base 12) to base 16
-1f8e
Convert -15bd (base 14) to base 10.
-3891
What is -7163 (base 9) in base 15?
-1846
-1a287 (base 11) to base 12
-14454
-672 (base 8) to base 6
-2014
What is -1058 (base 11) in base 5?
-21034
a62 (base 13) to base 15
7d0
607 (base 14) to base 10
1183
-302 (base 4) to base 3
-1212
1884 (base 16) to base 4
1202010
Convert -20210112 (base 3) to base 2.
-1001101011011
-10142 (base 6) to base 15
-608
Convert -10001000 (base 2) to base 14.
-9a
Convert -da1 (base 14) to base 10.
-2689
Convert -110310 (base 5) to base 15.
-1205
-2439 (base 11) to base 8
-6164
-292 (base 10) to base 14
-16c
What is -21234 (base 10) in base 2?
-101001011110010
What is 5590 (base 15) in base 4?
10123113
215 (base 11) to base 16
102
Convert 1312304 (base 5) to base 12.
1302a
53bb (base 14) to base 4
3202021
Convert -3101 (base 5) to base 7.
-1112
What is -4230 (base 8) in base 10?
-2200
-8d8 (base 14) to base 8
-3336
Convert 10202 (base 4) to base 2.
100100010
What is -14d3 (base 14) in base 3?
-12002112
Convert -140b1 (base 12) to base 11.
-19966
What is -555 (base 8) in base 12?
-265
Convert -267a9 (base 11) to base 10.
-38234
-472 (base 10) to base 9
-574
-4233 (base 5) to base 3
-210001
41322 (base 7) to base 4
2131332
Convert 113b (base 13) to base 12.
1494
What is 60aa (base 12) in base 15?
319d
Convert -11112 (base 5) to base 15.
-372
-2023 (base 5) to base 3
-100202
Convert 201211 (base 3) to base 2.
1000010111
Convert 124302 (base 5) to base 13.
233c
What is -a99 (base 11) in base 3?
-1210211
737 (base 8) to base 2
111011111
What is 511 (base 8) in base 2?
101001001
What is -222122 (base 3) in base 14?
-395
What is -336 (base 10) in base 4?
-11100
What is 3214 (base 7) in base 5?
14023
What is -67313 (base 8) in base 4?
-12323023
Convert 101101000100 (base 2) to base 14.
10a0
Convert -526 (base 12) to base 3.
-1000210
Convert -4b78 (base 14) to base 7.
-53411
Convert 52035 (base 6) to base 16.
1b17
-1010101110 (base 2) to base 8
-1256
What is 11cd (base 14) in base 10?
3121
What is -2bb6 (base 14) in base 4?
-1321330
What is 211002 (base 3) in base 9?
732
-11503 (base 7) to base 9
-4084
-21476 (base 8) to base 3
-110101011
What is 311 (base 12) in base 9?
544
Convert -1640 (base 10) to base 13.
-992
Convert 1505205 (base 6) to base 13.
305c9
Convert -1000110000 (base 2) to base 12.
-3a8
What is -416a (base 13) in base 14?
-3421
What is 4705 (base 11) in base 7?
24002
What is 10021021 (base 3) in base 5?
34013
Convert 1010000011 (base 2) to base 4.
22003
Convert -4587 (base 15) to base 2.
-11100110100000
Convert 3423 (base 6) to base 7.
2232
20533 (base 6) to base 14
1037
Convert -1011110011 (base 2) to base 16.
-2f3
aa1 (base 12) to base 9
2124
10412 (base 8) to base 4
1010022
Convert -3045 (base 12) to base 5.
-131422
9647 (base 11) to base 6
135020
-b100 (base 13) to base 9
-36340
Convert -20693 (base 10) to base 7.
-114221
Convert 80 (base 9) to base 3.
2200
What is -231010 (base 6) in base 7?
-111216
What is -2111000 (base 3) in base 7?
-5163
Convert 43551 (base 6) to base 11.
45a4
Convert 539 (base 12) to base 8.
1375
Convert 1896 (base 12) to base 15.
d49
Convert -26817 (base 11) to base 8.
-112556
Convert -d4 (base 15) to base 10.
-199
What is -324443 (base 5) in base 15?
-34ed
What is -3a48 (base 11) in base 14?
-1cb5
Convert -15a (base 11) to base 15.
-c6
Convert -10222002 (base 3) to base 2.
-101101001011
2c8 (base 13) to base 9
617
-101000011001100 (base 2) to base 8
-50314
What is -255a3 (base 12) in base 10?
-50955
Convert -5462 (base 16) to base 10.
-21602
275 (base 12) to base 11
313
23112 (base 5) to base 14
865
-1abb (base 13) to base 8
-7711
26 (base 9) to base 11
22
3040 (base 7) to base 2
10000100001
-1298 (base 10) to base 15
-5b8
14682 (base 12) to base 7
146261
What is 45102 (base 8) in base 9?
28062
-4354 (base 8) to base 2
-100011101100
What is -590 (base 10) in base 4?
-21032
-598 (base 12) to base 5
-11321
-24b36 (base 13) to base 10
-67814
Convert 2132223 (base 4) to base 9.
14833
Convert a8 (base 15) to base 11.
134
What is 389 (base 10) in base 5?
3024
-1111011010110 (base 2) to base 9
-11741
Convert 2213 (base 6) to base 13.
306
What is -32244 (base 5) in base 8?
-4227
What is 1746 (base 10) in base 8?
3322
What is -1540 (base 6) in base 11?
-352
4c7 (base 15) to base 9
1437
Convert 2333 (base 7) to base 11.
70a
-145210 (base 7) to base 3
-1102201121
Convert a2a (base 15) to base 5.
33130
What is 2847 (base 13) in base 16?
16ad
-1411 (base 5) to base 12
-173
Convert -1b67 (base 14) to base 11.
-3828
Convert 4a8f (base 16) to base 15.
59c7
What is 103 (base 4) in base 2?
10011
Convert 122220211 (base 3) to base 15.
3d0d
Convert 1105 (base 6) to base 3.
100112
Convert 6a2 (base 13) to base 12.
7b6
Convert 5804 (base 10) to base 2.
1011010101100
What is 500 (base 9) in base 2?
110010101
What is -8a7 (base 13) in base 7?
-4225
1100111110 (base 2) to base 13
4bb
What is 57488 (base 9) in base 14?
dd68
-422401 (base 5) to base 10
-14101
What is -363 (base 9) in base 8?
-454
Convert 12a (base 15) to base 3.
100211
What is 2147 (base 14) in base 7?
22520
What is 58 (base 14) in base 16?
4e
What is -10483 (base 10) in base 6?
-120311
What is -a25 (base 11) in base 12?
-871
Convert -1011110111110 (base 2) to base 3.
-22100010
f10 (base 16) to base 5
110411
What is -3a (base 11) in base 8?
-53
What is 22 (base 8) in base 14?
14
593b (base 12) to base 14
38d1
What is 27c (base 13) in base 8?
671
What is 5422 (base 15) in base 10?
17807
551 (base 8) to base 7
1024
12100012 (base 3) to base 9
5305
What is -2928 (base 12) in base 10?
-4784
Convert 10 (base 5) to base 4.
11
4733 (base 9) to base 14
13cd
Convert -135273 (base 8) to base 15.
-e26d
Convert 111111100 (base 2) to base 3.
200211
-b2 (base 13) to base 9
-171
What is -645 (base 11) in base 5?
-11100
490 (base 16) to base 2
10010010000
Convert 32d (base 15) to base 14.
394
-22626 (base 9) to base 7
-61665
Convert 212202 (base 3) to base 8.
1201
What is 1383 (base 12) in base 3?
10002200
-4981 (base 16) to base 9
-27727
-473 (base 12) to base 13
-3c0
2044 (base 15) to base 14
26aa
What is 10100100001001 (base 2) in base 12?
60b5
Convert 2f5 (base 16) to base 11.
629
Convert 520 (base 13) to base 2.
1101100111
What is 299 (base 12) in base 13?
252
31013 (base 7) to base 11
574a
What is -c95 (base 13) in base 4?
-201212
What is -12306 (base 7) in base 2?
-110010101000
-100110011000 (base 2) to base 11
-1933
10453 (base 7) to base 8
5113
-1002034 (base 6) to base 11
-32438
12321331 (base 4) to base 11
1a284
Convert -334222 (base 6) to base 7.
-145055
52072 (base 10) to base 12
26174
35140 (base 6) to base 14
1b92
Convert 143120 (base 5) to base 10.
6035
-204 (base 12) to base 4
-10210
What is 1c77 (base 13) in 